1
List the prime factors of 780985019.
71, 167, 65867
List the prime factors of 1678307714.
2, 809, 1037273
List the prime factors of 284194303.
61, 4658923
List the prime factors of 5440253570.
2, 5, 544025357
What are the prime factors of 595671459?
3, 73, 983, 2767
What are the prime factors of 1037661529?
397, 2613757
List the prime factors of 160901585.
5, 13, 101, 24509
List the prime factors of 189121278.
2, 3, 53, 594721
List the prime factors of 68000548.
2, 7, 11, 20071
What are the prime factors of 197806356?
2, 3, 11, 17, 29383
What are the prime factors of 2524894235?
5, 4057, 124471
What are the prime factors of 6542325?
3, 5, 29077
List the prime factors of 541307224.
2, 67663403
What are the prime factors of 5622845156?
2, 37, 37992197
What are the prime factors of 413700573?
3, 11, 13, 29, 3023
What are the prime factors of 6048929685?
3, 5, 2099, 192121
List the prime factors of 32654008.
2, 17, 19, 12637
What are the prime factors of 444677020?
2, 5, 31, 107, 6703
What are the prime factors of 31965575?
5, 1278623
List the prime factors of 90251644.
2, 7, 3223273
List the prime factors of 80638827.
3, 26879609
List the prime factors of 44949169.
44949169
What are the prime factors of 120525357?
3, 40175119
What are the prime factors of 54091896?
2, 3, 461, 4889
What are the prime factors of 41690057?
41690057
What are the prime factors of 3093571672?
2, 71, 5446429
List the prime factors of 679960062.
2, 3, 103, 122251
List the prime factors of 138097585.
5, 2129, 12973
List the prime factors of 1621089561.
3, 7, 13, 5938057
List the prime factors of 373723355.
5, 74744671
List the prime factors of 212972779.
212972779
List the prime factors of 64265564.
2, 11, 43, 33967
What are the prime factors of 557754016?
2, 199, 87587
List the prime factors of 210030227.
11, 23, 163, 463
What are the prime factors of 21921112?
2, 2740139
What are the prime factors of 64932541?
64932541
What are the prime factors of 103827688?
2, 83, 271, 577
What are the prime factors of 68299884?
2, 3, 1897219
What are the prime factors of 405135525?
3, 5, 5401807
List the prime factors of 143430952.
2, 7, 2561267
List the prime factors of 95414273.
71, 1343863
What are the prime factors of 485724271?
37, 13127683
List the prime factors of 4140805941.
3, 51121061
What are the prime factors of 55352199?
3, 7, 2635819
What are the prime factors of 1196360592?
2, 3, 7, 3560597
What are the prime factors of 1590562732?
2, 11, 19, 71, 127, 211
List the prime factors of 1254904119.
3, 7, 19919113
List the prime factors of 102889680.
2, 3, 5, 29, 14783
What are the prime factors of 578956618?
2, 5231, 55339
List the prime factors of 86884025.
5, 17, 89, 2297
What are the prime factors of 4273427976?
2, 3, 103, 1728733
What are the prime factors of 622558625?
5, 13, 383113
List the prime factors of 954108783.
3, 106012087
What are the prime factors of 50394141?
3, 7, 29, 27583
What are the prime factors of 4649981626?
2, 29, 41, 1955417
List the prime factors of 37079900.
2, 5, 11, 13, 2593
List the prime factors of 2801288193.
3, 11, 113, 751217
What are the prime factors of 252768918?
2, 3, 1549, 27197
What are the prime factors of 333006461?
333006461
What are the prime factors of 1113914241?
3, 11, 47, 199, 401
List the prime factors of 477697524.
2, 3, 39808127
List the prime factors of 42962097.
3, 19, 753721
What are the prime factors of 14369250?
2, 3, 5, 7, 17, 23
What are the prime factors of 60245924?
2, 23, 43, 97, 157
What are the prime factors of 174049923?
3, 2113, 27457
What are the prime factors of 353342?
2, 11, 16061
What are the prime factors of 857827406?
2, 15101, 28403
What are the prime factors of 114044896?
2, 7, 103, 4943
List the prime factors of 28280464.
2, 47, 37607
List the prime factors of 2095052523.
3, 698350841
What are the prime factors of 1694525534?
2, 13, 31, 67819
What are the prime factors of 92933183?
7, 41, 181, 1789
What are the prime factors of 871826284?
2, 7, 151, 206203
List the prime factors of 5534148367.
11, 11161, 45077
What are the prime factors of 3223927281?
3, 367, 2928181
List the prime factors of 2631820704.
2, 3, 27414799
List the prime factors of 63786866.
2, 11, 13, 23, 9697
What are the prime factors of 8046512905?
5, 9587, 167863
What are the prime factors of 142597227?
3, 47532409
List the prime factors of 1275998105.
5, 19, 41, 327599
What are the prime factors of 108403805?
5, 97, 101, 2213
List the prime factors of 160639656.
2, 3, 6693319
List the prime factors of 70283310.
2, 3, 5, 2342777
What are the prime factors of 139497430?
2, 5, 19, 734197
What are the prime factors of 433538653?
2377, 182389
List the prime factors of 2991014766.
2, 3, 269, 617723
What are the prime factors of 4847775580?
2, 5, 257, 443, 2129
What are the prime factors of 127550379?
3, 11, 67, 57689
What are the prime factors of 536317372?
2, 919, 145897
What are the prime factors of 415648432?
2, 25978027
What are the prime factors of 103333340?
2, 5, 11, 83, 5659
List the prime factors of 178930407.
3, 59643469
List the prime factors of 1043423.
19, 54917
What are the prime factors of 287609619?
3, 11, 359, 2207
List the prime factors of 18321336.
2, 3, 11, 701
List the prime factors of 3848706983.
11, 593, 590021
List the prime factors of 29265444.
2, 3, 13, 62533
What are the prime factors of 718138701?
3, 7, 17, 39443
What are the prime factors of 268387796?
2, 67, 1001447
What are the prime factors of 4507429163?
23, 195975181
List the prime factors of 2645502782.
2, 13, 1523, 66809
What are the prime factors of 1400219639?
7, 13, 314021
List the prime factors of 61072195.
5, 257, 47527
What are the prime factors of 227044304?
2, 14190269
List the prime factors of 452762058.
2, 3, 7, 19, 11579
What are the prime factors of 254908877?
31, 1091, 7537
What are the prime factors of 248828597?
419, 593863
List the prime factors of 84253537.
569, 148073
List the prime factors of 4817950621.
11, 437995511
List the prime factors of 7629919.
11, 693629
List the prime factors of 213510219.
3, 13, 23, 79, 131
What are the prime factors of 587615367?
3, 195871789
List the prime factors of 147438143.
6143, 24001
What are the prime factors of 2461737877?
29, 97, 875129
What are the prime factors of 543403881?
3, 60378209
List the prime factors of 149408652.
2, 3, 761, 16361
What are the prime factors of 2217790293?
3, 71, 10412161
What are the prime factors of 269344205?
5, 13, 4143757
List the prime factors of 324833638.
2, 47, 1061, 3257
What are the prime factors of 676439026?
2, 19, 577, 30851
What are the prime factors of 64246256?
2, 1979, 2029
List the prime factors of 101463264.
2, 3, 7, 50329
List the prime factors of 5743511905.
5, 6101, 188281
What are the prime factors of 553708269?
3, 47, 239, 5477
List the prime factors of 8051906.
2, 331, 12163
What are the prime factors of 307366866?
2, 3, 283, 20113
List the prime factors of 48653883.
3, 47, 115021
What are the prime factors of 5488278956?
2, 269, 5100631
List the prime factors of 25367731.
97, 261523
What are the prime factors of 94852086?
2, 3, 7, 53, 42611
List the prime factors of 1225825584.
2, 3, 19, 137, 9811
What are the prime factors of 1091123699?
17, 64183747
List the prime factors of 371003611.
11, 33727601
What are the prime factors of 142744435?
5, 19, 71, 21163
What are the prime factors of 125746105?
5, 3733, 6737
List the prime factors of 97362377.
7, 13908911
What are the prime factors of 912308940?
2, 3, 5, 19, 88919
List the prime factors of 126783588.
2, 3, 10565299
List the prime factors of 1002110656.
2, 277, 56527
What are the prime factors of 890437127?
14891, 59797
List the prime factors of 2232595.
5, 19, 71, 331
List the prime factors of 4568938591.
7, 409, 1595857
What are the prime factors of 1453095838?
2, 9011, 80629
List the prime factors of 2247507351.
3, 3533, 23561
What are the prime factors of 1433264850?
2, 3, 5, 31, 127, 809
List the prime factors of 5722383231.
3, 635820359
List the prime factors of 317329188.
2, 3, 11, 2404009
List the prime factors of 37616090.
2, 5, 137, 27457
What are the prime factors of 133881365?
5, 89, 300857
List the prime factors of 389580662.
2, 631, 308701
List the prime factors of 201